{"id":93,"date":"2013-02-27T21:17:21","date_gmt":"2013-02-27T20:17:21","guid":{"rendered":"http:\/\/kindervonwien.at\/?page_id=93"},"modified":"2013-04-01T13:27:27","modified_gmt":"2013-04-01T12:27:27","slug":"inhalt-2","status":"publish","type":"page","link":"https:\/\/kindervonwien.at\/?page_id=93","title":{"rendered":"Story"},"content":{"rendered":"<blockquote><p>\u201eEinige Kinder hausen in einer Kellerruine: Da sind der gerissene Schleichh\u00e4ndler Jid aus dem KZ, der blonde Goy aus einem Kinderverschickungslager und \u201eCurls\u201c, Besitzer der Ruine. Ewa, etwa 15 Jahre alt, betreibt Gelegenheitsprostitution, ihre Freundin Ate war BDM-F\u00fchrerin und spricht auch noch so. Alle k\u00fcmmern sich um das \u201eKindl\u201c im Babywagen, ein winziges M\u00e4dchen mit Ballonbauch. Der schwarze Reverend Hosea Washington Smith aus Louisiana, zuf\u00e4llig in dieses gem\u00fctliche Inferno geraten, versucht die Kinder aus ihrem Elend in die Schweiz zu retten.<br \/>\nEr scheitert.<br \/>\nDas ist die ganze Geschichte \u2013 zugleich eine krude, verzweifelt radikale, eine beklemmende Parabel \u00fcber die Zerst\u00f6rung des Menschen durch Krieg und Faschismus. Alles ist danach kaputt und verdorben \u2013 auch die Sprache. Und eben das wurde einst als unertr\u00e4gliche Provokation empfunden.\u201c<br \/>\n<em>(Ulrich Weinzierl)<\/em><\/p><\/blockquote>\n<p>Eine todkomische Sprachphantasie der Trotzdemimmernochlebendigen, die den Krieg, jeden Krieg \u00fcberstehen. Das <strong>B\u00fchnenst\u00fcck<\/strong> von Anna Maria Krassnigg nach Neumanns Roman \u201eDie Kinder von Wien\u201c, wird in der <strong>Expedithalle der ehemaligen Ankerbrotfabrik<\/strong> im 10. Wiener Bezirk uraufgef\u00fchrt und die Geschichte in einer imagin\u00e4re Landschaft der Zerst\u00f6rung, aber auch des radikalen Neubeginns in Gang gesetzt. Die schonungslose Weite des Raumes der Expedithalle spiegelt den Abstand, den wir, die wir blo\u00df zuschauen, in Raum und Zeit zum Erlebnis der Roman-Figuren aus dem Jahr 1946, <i>aber auch zu ihren Verwandten in den zerst\u00f6rten Nachkriegsgebieten der Gegenwart <\/i>empfinden.<\/p>\n<p>Ein zw\u00f6lfk\u00f6pfiges, internationales Ensemble sucht nach den Geschichten, Figuren, Wahrheiten und Konflikten der mitrei\u00dfenden, schonungslosen und tod-komischen Story Robert Neumanns. Die Spieler holen durch szenische, musikalische, bildm\u00e4chtige Erinnerungen die Tr\u00fcmmer des Neumann-Romans, die Umrisse der Neumann-Figuren ans Licht, &#8211; in die Gegenwart.<\/p>\n<blockquote>\n<p style=\"text-align: right;\">\u201eThis book of fiction, with fictitious characters, in a fictitious setting which I call Vienna but which could be anywhere east of the Meridian of Despair, is addressed to the men and women of the victorious countries. It was written for the sake of the children of Europe, in two months of their misery in the winter of 1945-46.\u201c<br \/>\n<em>(Robert Neumann)<\/em><\/p>\n<\/blockquote>\n","protected":false},"excerpt":{"rendered":"<p>\u201eEinige Kinder hausen in einer Kellerruine: Da sind der gerissene Schleichh\u00e4ndler Jid aus dem KZ, der blonde Goy aus einem Kinderverschickungslager und \u201eCurls\u201c, Besitzer der Ruine. Ewa, etwa 15 Jahre alt, betreibt Gelegenheitsprostitution, ihre Freundin Ate war BDM-F\u00fchrerin und spricht &hellip; <a href=\"https:\/\/kindervonwien.at\/?page_id=93\">Weiterlesen <span class=\"meta-nav\">&rarr;<\/span><\/a><\/p>\n","protected":false},"author":1,"featured_media":0,"parent":0,"menu_order":0,"comment_status":"closed","ping_status":"closed","template":"","meta":{"jetpack_post_was_ever_published":false},"aioseo_notices":[],"jetpack_shortlink":"https:\/\/wp.me\/P3g70S-1v","jetpack_sharing_enabled":true,"_links":{"self":[{"href":"https:\/\/kindervonwien.at\/index.php?rest_route=\/wp\/v2\/pages\/93"}],"collection":[{"href":"https:\/\/kindervonwien.at\/index.php?rest_route=\/wp\/v2\/pages"}],"about":[{"href":"https:\/\/kindervonwien.at\/index.php?rest_route=\/wp\/v2\/types\/page"}],"author":[{"embeddable":true,"href":"https:\/\/kindervonwien.at\/index.php?rest_route=\/wp\/v2\/users\/1"}],"replies":[{"embeddable":true,"href":"https:\/\/kindervonwien.at\/index.php?rest_route=%2Fwp%2Fv2%2Fcomments&post=93"}],"version-history":[{"count":23,"href":"https:\/\/kindervonwien.at\/index.php?rest_route=\/wp\/v2\/pages\/93\/revisions"}],"predecessor-version":[{"id":96,"href":"https:\/\/kindervonwien.at\/index.php?rest_route=\/wp\/v2\/pages\/93\/revisions\/96"}],"wp:attachment":[{"href":"https:\/\/kindervonwien.at\/index.php?rest_route=%2Fwp%2Fv2%2Fmedia&parent=93"}],"curies":[{"name":"wp","href":"https:\/\/api.w.org\/{rel}","templated":true}]}}